68 and h.
34
Let i = -2 - -2. Let d(b) = 0*b + i + 3 + 2*b**2 + 5*b. Let c be d(-3). Calculate the highest common factor of 48 and c.
6
Suppose -4*b = -3*b - 24. Let v(p) = p. Let w be v(6). Calculate the highest common divisor of w and b.
6
Suppose 29 - 137 = -12*l. Calculate the greatest common divisor of 72 and l.
9
Let x(a) = -4*a - 16. Let r be x(-5). Calculate the greatest common factor of r and 12.
4
Let c = -13 + 22. Let d(g) = g**2 - 5*g - 12. Let i be d(9). Suppose -3*b = -3 - i. What is the greatest common divisor of b and c?
9
Let i(k) = -k**2 - 11*k + 2. Let l(q) = q**2 + 12*q - 1. Let c(m) = 3*i(m) + 2*l(m). Let w be c(-9). Calculate the highest common divisor of w and 28.
4
Let t = -474 - -730. What is the greatest common factor of 32 and t?
32
Let l = 30 - 18. Calculate the greatest common factor of 4 and l.
4
Suppose 7*q = 6*q + 3. Let w = 20 - q. Suppose 3*f - 5 = i + 44, 4*f + 4*i = 76. Calculate the highest common factor of w and f.
17
Let n(t) = 17*t**3 - 2*t**2 - 2*t + 2. Let a be n(2). Suppose -3*d - 3*i + 76 = d, 4*i = 5*d - a. Calculate the greatest common factor of d and 33.
11
Let f(s) = -2*s**3 - 9*s**2 - 2*s - 9. Let j be f(-7). Suppose 30 - j = -5*u. What is the highest common factor of u and 66?
22
Let n be (91/14)/(2/4). What is the greatest common divisor of 143 and n?
13
Suppose 0 = -3*d - 0*d + 168. Let v = d + -40. Calculate the highest common divisor of 16 and v.
16
Let x(v) = 5 + 6*v + 0*v - 3*v - v. Let u be x(6). Calculate the greatest common factor of 187 and u.
17
Let b(q) = -q**2 - 4*q + 1. Let k be b(-4). Suppose 2*l + k = -3*z - 1, 29 = 5*l - z. Suppose l*x - 76 = x. What is the highest common factor of 133 and x?
19
Let j be (-1 - 42/24)/(2/(-24)). Calculate the greatest common factor of j and 22.
11
Suppose -8*t - 69 = -357. Let b(h) = -10*h - 1. Let u be 0 - ((-2)/(-2) + 0). Let v be b(u). What is the greatest common factor of t and v?
9
Let o = 1 + 4. Let y(t) = t - 1. Let f be y(o). Suppose 5*s = -4*q + 70, -3*s + f*q - 3 = -77. Calculate the greatest common divisor of 27 and s.
9
Suppose -10*f + 182 = -48. Calculate the highest common divisor of f and 161.
23
Suppose 3*t + 2*j - 9 = -j, -3*t = 5*j - 9. Suppose -s + 3*s + t*k - 4 = 0, 5*s - 3*k = 10. Calculate the greatest common divisor of s and 2.
2
Suppose -5*p + z + 50 + 58 = 0, 0 = -2*p - 5*z + 27. Calculate the greatest common factor of 7 and p.
7
Let z be (-4)/10*15/3. Let v be (2 - 1)/(z/(-4)). Suppose -40 = -0*i - v*i. What is the highest common divisor of i and 8?
4
Let w = -3 + 6. Suppose -2*g = o - 6, 0*g = w*o - g + 3. Suppose -4*r - 3*k + 20 = o, 3*r + 0*k + 2*k = 15. Calculate the greatest common factor of r and 25.
5
Let t = -13 + 18. What is the greatest common factor of 45 and t?
5
Let z be (-28)/6*(-5 + -1). Let f = -53 + z. Let j be (-116)/(-10) + (-10)/f. Calculate the greatest common divisor of j and 96.
12
Suppose -673 = -5*a - 0*o - 2*o, -3*a - 5*o + 400 = 0. Suppose -5 = -2*h + 25. What is the greatest common factor of a and h?
15
Let g(s) = 2*s**2 + s - 4. Let q be g(4). What is the highest common factor of q and 48?
16
Suppose -3*j + 6 = -3. What is the highest common divisor of j and 3?
3
Let z be 1/(-39)*-1047 - 8/(-52). Suppose 0 = 5*t - 4*k - 330 - 734, -t = 3*k - 228. What is the highest common divisor of z and t?
27
Suppose -i - 3*g - 11 = 0, 15 = -4*i - i - 5*g. Let b be ((-45)/6)/(i/(-2)). What is the highest common divisor of 5 and b?
5
Suppose m = -3*m. Let z(l) = m*l - 2*l**2 - 3*l + 3 + 8*l**2 - 3*l**2. Let t be z(2). Calculate the highest common factor of t and 3.
3
Let q(d) = 2*d - 6. Let g be q(5). Let t = -9 - -23. Suppose -g*r + 142 = t. Calculate the greatest common divisor of r and 8.
8
Let w be 6/(-21) - 60/(-14). Suppose 0 = 3*a - w*a + 35. Calculate the highest common factor of a and 14.
7
Let h(p) = -p + 19. Let k be h(7). What is the greatest common divisor of 12 and k?
12
Suppose 4*c - 2*g - 168 = 0, g + 240 - 72 = 4*c. Calculate the highest common factor of 84 and c.
42
Let r be (3 - 2 - 3)*-1. Suppose 5 = r*p - 43. Calculate the greatest common divisor of 8 and p.
8
Suppose -75 = -3*h + 2*r, 3 - 12 = 3*r. What is the greatest common divisor of h and 207?
23
Suppose y + 0*p = p + 2, 0 = -2*y - 5*p + 4. Suppose -2*c + 22 = 2*f, -3*c - c + 32 = -y*f. What is the greatest common divisor of c and 6?
3
Suppose 0*s + 3*s = 4*j - 14, -5*j + 2 = 4*s. Let m(h) be the third derivative of h**5/10 + h**2. Let i be m(j). What is the highest common factor of 16 and i?
8
Let h be (-44 - 4)/(2/(-4)). What is the highest common factor of 16 and h?
16
Let a be ((-40)/(-14))/((-12)/(-42)). Let q be (35 - a) + -1*2. What is the greatest common divisor of q and 46?
23
Let c = 93 + -57. What is the highest common divisor of c and 12?
12
Let c(h) = -h**2 - 15*h - 6. Let u = -31 + 19. Let f be c(u). What is the highest common factor of 12 and f?
6
Suppose -40 = -5*g - 8*l + 3*l, -3*g + 22 = 4*l. Let o be (g/3)/(6/18). What is the highest common divisor of o and 90?
10
Let s(y) = 2*y + 3. Let z be s(-2). Let l(c) = 7*c**2 + c + 1. Let x be l(z). Let a be 75 - (2 - 0 - 4). What is the greatest common divisor of a and x?
7
Let d be (20/(-12) + 2)*(8 - 2). Calculate the highest common divisor of d and 4.
2
Let r(g) = -g**2 - 8*g - 2. Let y be r(-6). Let i(f) = f**3 - 8*f**2 - 3*f + 1. Let t be i(9). Let p = t + 35. What is the greatest common factor of p and y?
10
Let r(u) = u**3 + 6*u**2 - 6*u + 4. Let z be r(-7). Let c = 4 + z. Calculate the greatest common factor of c and 8.
1
Let i be (-12)/((-5)/((-400)/(-12))). Calculate the highest common divisor of i and 32.
16
Let g(b) = -b + 3*b**2 - 3*b**3 + b**3 - 4*b**2 - 1. Let n be g(-1). Suppose n = k - 17. What is the greatest common divisor of k and 12?
6
Let i be (0 + (-32)/(-5))*20. Let x(b) = 3*b - 8. Suppose -4*k = -23 - 9. Let n be x(k). What is the greatest common divisor of i and n?
16
Let d(u) = u + 70. Let o be d(0). Let f(n) = n**2 + n - 2. Let i be f(5). What is the highest common divisor of o and i?
14
Let m be 4/(-24) - (-3365)/30. What is the greatest common divisor of 14 and m?
14
Let p(r) = 3*r**3 - r**2 - r + 2. Let g be p(2). Suppose -160 = -2*i - 2*i. Let y = i - 10. Calculate the highest common factor of g and y.
10
Suppose 4 = -2*q + 10, 4*j - 398 = -2*q. Let m be j - (-6 + 3 - -2). What is the greatest common factor of m and 11?
11
Suppose 0 = -3*m + 7*m - 64. Let h(j) = 2*j**2 - 3*j - 11. Let t be h(5). What is the highest common factor of t and m?
8
Let a = 62 - 36. What is the highest common factor of a and 13?
13
Let d(t) = t**3 - t**2 + t - 1. Let s be d(1). Suppose 5*b = -2*n + 5, -5*n + 3*b - b + 27 = s. What is the greatest common factor of n and 55?
5
Let x be -3*(-6)/(-12)*52/(-6). Calculate the highest common factor of x and 26.
13
Let w be (2/(-4))/((-2)/496). Let d = -23 - w. Let p = -87 - d. What is the greatest common factor of p and 15?
15
Let h = -19 - -46. Let y = 50 + -47. What is the highest common factor of y and h?
3
Let t = 5 - 9. Let m be 2/t*(-32 + -2). Calculate the highest common divisor of 51 and m.
17
Suppose 2*k + 5*b + 15 + 8 = 0, 0 = 4*k - 4*b - 24. Let m = 1 + k. Let z = 26 - 12. Calculate the highest common divisor of m and z.
2
Let v(t) = 170*t**2 + 1. Let x be v(1). Suppose 3*b - 4*k - 61 = 0, -5*b - 2*k + 94 = -k. Calculate the greatest common divisor of x and b.
19
Let w = 127 + -85. What is the highest common factor of 210 and w?
42
Suppose 2*i - 12 = r, 13 = 3*i + 5*r - 4*r. Suppose -3*n + 5*x - x + i = 0, 3*n + 5*x - 14 = 0. Calculate the highest common divisor of 6 and n.
3
Let a(t) = -t**3 - t**2 + 2*t. Let f be a(2). Let o = f - -20. Calculate the greatest common divisor of o and 6.
6
Let d be (3/(-12))/((-1)/(-2))*-4. Let b be 1/1 - (-14 + 1). What is the highest common divisor of b and d?
2
Suppose 3*o + 10 - 40 = 0. Suppose 4 = -3*n + o. Let r be 44*n*1/4. What is the greatest common divisor of 2 and r?
2
Suppose 0 = -9*g + 6*g. Suppose g*t + 19 = 3*w - t, -11 = -2*w - t. Calculate the greatest common factor of 2 and w.
2
Let n = 23 + -20. Suppose 7*r - 216 = n*r. Calculate the highest common divisor of 27 and r.
27
Let l(n) = -n**2 - 4*n + 3. Let m be l(-6). Let h be (-6)/4*2 - m. Calculate the 